 a(h) be the third derivative of 0 + 0*h**4 + 0*h - 1/6*h**3 + 5*h**2 + 1/60*h**5. Calculate a(2).
3
Suppose p + 12 = 2*q + 3*p, -2*q + p + 9 = 0. Suppose 6 = q*w - 44. Let f = w + -6. Let h(a) = a - 5. Determine h(f).
-1
Let q(v) = -v**3 - 6*v**2 - v + 6. Suppose 14 = 3*c + 2*k + 37, c = -k - 9. Give q(c).
-14
Let g(j) = j - 14. Let y be g(6). Let s(n) = n + 1. Give s(y).
-7
Let j(q) be the first derivative of q**3/3 - 3*q**2 + 3*q + 1. Let v be 0 + (2 - 2/(-2)). Calculate j(v).
-6
Let u(p) = p**3 + 2*p**2 - 3*p + 5. Let z(f) = -f + 1. Let a be z(5). Give u(a).
-15
Let a(q) = -2 - 3*q + 2*q - q. Let x be a(-2). Let d(b) = 0*b + 0*b**2 - 2*b**x + 3*b + b**3 - 2. What is d(2)?
4
Let q(l) be the second derivative of l**4/12 + 2*l**3/3 + 3*l**2/2 + 11*l. What is q(-5)?
8
Let j(q) = 0*q + q**2 + q - 7 + q**3 + 18. Suppose 2 = 3*o - 10. Suppose -4*f = 2*z - 6 + 22, o*z - 5*f = 20. Give j(z).
11
Let l(s) = -s**2 + s + 4. Suppose 0 = -4*f + 23 - 7. Determine l(f).
-8
Let i(r) = 2*r**3 - 3*r**2. Suppose -3*n + 9 = 3. Calculate i(n).
4
Let o(h) = -4*h**2 + 5*h. Let w(b) be the first derivative of 17*b**3/3 - 21*b**2/2 - 1. Let l(a) = 9*o(a) + 2*w(a). Calculate l(2).
-2
Let o = 8 - 4. Let s(h) = 5 + 0 - 7*h - 98*h**2 + 99*h**2. What is s(o)?
-7
Let x = 25 - 18. Let d(v) = x*v + v + 1 - 2*v**3 - 7*v. Give d(-1).
2
Suppose -8*l + 12 = -2*l. Let w(k) be the third derivative of 0*k + 1/120*k**6 + 1/30*k**5 - 1/8*k**4 - 1/2*k**3 - k**l + 0. What is w(-2)?
3
Let i = -6 - -8. Let b(w) = 0*w - 2*w - 2*w**2 + 1 + 3*w**i. Determine b(4).
9
Let k(t) = -t**3 + t**2 - t - 8. Let c(p) = -p**3 + p + 1. Let d(y) = 7*y**3 - 2*y**2 - 4*y - 7. Let q(l) = 6*c(l) + d(l). Let n be q(1). Determine k(n).
-8
Let o(v) = 37*v**2 - 10*v - 20. Let l(d) = -13*d**2 + 3*d + 7. Let b(s) = -17*l(s) - 6*o(s). What is b(7)?
15
Let a = 8 - 3. Suppose 5*i + 10 = -a*v, 0*i - 5*i - 30 = -5*v. Let u(d) = 2*d**2 + 1. Calculate u(v).
9
Let h be (-1 - -4) + -2 - -5. Suppose -h = -4*y + 2. Let r(b) = b**2 - 2*b - 1. Calculate r(y).
-1
Let x be -3 - (-40 - (-3 + 2)). Let f(c) = -c - x + 36. Suppose -2*t - 2 + 12 = 0. Give f(t).
-5
Let v(g) be the first derivative of 3 + 5*g - g**2 - 10 - 2*g. Determine v(3).
-3
Let g(q) = q**2 + q + 2 - 6 + 0. Let z = 5 - 0. Suppose z*j - 1 = -21. Give g(j).
8
Let y be -10*3/24*4. Let m(h) = -h**3 - 4*h**2 + 4*h - 7. Determine m(y).
-2
Let x(l) be the third derivative of 6*l**2 + 0 + 0*l + 0*l**3 + 1/12*l**4 - 1/60*l**5. Give x(2).
0
Let d(y) = -y**2 - 5. Let z(h) = 2*h**2 - h + 11. Let f(v) = -7*d(v) - 3*z(v). Give f(-4).
6
Let h be 22/18 - (-2)/(-9). Let n be (-1)/(h/(-5)) - 2. Let r be n/(3/1)*-3. Let o(b) = b - 1. Determine o(r).
-4
Let t(x) = 36*x + 14 - 2 - 24*x - 14*x. Determine t(8).
-4
Let a(m) be the second derivative of m**4/6 - 5*m**3/6 + m**2 - 2*m. Determine a(3).
5
Let y(h) = -18*h + 5. Let a(q) = 6*q - 2. Let j(t) = 8*a(t) + 3*y(t). Suppose u - 12 = -2*k - 0*u, -4*u = -4*k. Let s = k - 6. Determine j(s).
11
Let t(x) be the second derivative of -x**5/120 + x**4/6 + 5*x**3/6 + x. Let n(i) be the second derivative of t(i). Give n(6).
-2
Let z(s) = -7*s**2 - 13*s - 1. Let p(w) = 8*w**2 + 15*w + 1. Let m(k) = 6*p(k) + 7*z(k). Let g be ((-3)/2)/((-9)/(-24)). Give m(g).
-13
Let v(g) = 4 + g - 12 + 7. Calculate v(4).
3
Suppose -5 = 2*w - 11. Let s(y) = 2*y**3 - 6*y**2 - 3. Let k = 2 + -5. Let q(o) = -o**3 + 3*o**2 + 1. Let x(m) = k*s(m) - 7*q(m). Give x(w).
2
Let r(q) be the second derivative of -q**3/6 + q**2 - 2*q. Let c(a) = -3*a + 1. Suppose x - 12 = -5*o, -o - 2*o + 4*x = 2. Let l be c(o). What is r(l)?
7
Let r(q) = -q. Let t be r(6). Let y = -3 - t. Let b(f) = -f**2 + 4*f - 1. Give b(y).
2
Let l(v) = -v**3 - 3*v + 2*v + 2*v**2 - 431 + 433. Give l(2).
0
Let y(l) = -l + 10. Let m be y(6). Let f(t) = -t**2 + 4*t + 2. Determine f(m).
2
Suppose -2 = 5*r + 3, -4*m - 3 = -r. Let y be (-3)/(-6)*6 + m. Let d(h) = 2*h - 1. Determine d(y).
3
Let g(x) = x + 3. Suppose -2*b - 70 = -16. Let a be (-20)/6*b/15. Suppose -3*d - a = -d. What is g(d)?
0
Let h(i) = -3*i**3 - 8*i**2 - 5. Let k(l) = l**3 + 3*l**2 + 2. Let b = -8 - -5. Let g(a) = b*h(a) - 8*k(a). Determine g(1).
0
Let w(p) = p**3 + 5*p**2 + p - 1. Let f = 47 + -47. Let c be (7 - (1 + 0)) + -1. Suppose f = -3*q + 2*q - c. What is w(q)?
-6
Let q be (-40)/(-160)*1*2/4. Let u(z) be the third derivative of 0*z + 1/120*z**6 - 1/6*z**3 + 1/20*z**5 + 0 - q*z**4 + 2*z**2. Determine u(-4).
-5
Let g(v) = v**2 + v. Let c be g(-1). Suppose -a + 12 = -5*q, -q = a - 6*a + 12. Let o(x) = x**a - x - x + c*x. What is o(2)?
0
Let q = -115 + 111. Let j(y) = y**3 + 3*y**2 - 2. Calculate j(q).
-18
Let p = 40 - 26. Let y = p + -12. Let b(g) be the third derivative of -g**6/120 + g**5/60 + g**4/12 + g**2. Calculate b(y).
0
Let y = 11 + -8. Suppose -2*p - 5*f = 7, f = 3*p - 2*f - 42. Let g(a) = 0*a + a**2 - p - 2*a + 12 - 6. Give g(y).
0
Let q(v) = 7*v**3 + 9*v**2 + v - 2. Let h be 4 - (-1 + 2)/(-1). Let j(x) = -x**3 - x**2. Let t(n) = h*j(n) + q(n). Calculate t(-2).
-4
Let o(u) = 3*u + 3. Let i(d) = -2*d - 2. Let h(k) = 5*i(k) + 4*o(k). Calculate h(-6).
-10
Suppose 0*l = 2*l + 4. Let r be 7/4 - l/8. Let q(z) = -3*z + 32. Let x(a) = 2*a - 14. Let k(n) = -3*q(n) - 7*x(n). Determine k(r).
-8
Let s(j) = j**2 - 3. Let c be ((-2)/(-3))/((-5)/30). Let t = 5 + -1. Let i be t/(-6) - c/6. What is s(i)?
-3
Let x(k) = -k**2 - 8*k - 8. Suppose -5*w = 53 - 23. Calculate x(w).
4
Let q(o) = -o**2 + 33*o**3 - 23*o**3 + o**2. Calculate q(1).
10
Let r(j) = -4 + 3 - 2 - 2*j + 0*j. What is r(-3)?
3
Let d(w) = w**2 - w - 4. Let f be d(-3). Suppose 4*u = -0*u - f. Let n(q) be the third derivative of q**4/6 + q**3/2 - 4*q**2. What is n(u)?
-5
Let d = 48 - 40. Let m(t) = t**3 - 7*t**2 - 6*t - 6. Determine m(d).
10
Let w(z) = -z**2 - 5*z + 3. Let p be w(-5). Let o(t) = 2*t - 6. Let k be o(5). Let f be 4/(-2 + k) - p. Let c(m) = m**3 + m**2 - m - 1. Give c(f).
0
Let q(z) = 26 - 53 + 24 + z - 2*z. Calculate q(-10).
7
Let k(m) be the second derivative of m**5/20 - m**4/12 + m**3/6 + m**2/2 + 23*m. Calculate k(-1).
-2
Let q(a) = -10*a**2 + 9 + 16*a**2 - 7*a**2 + a. What is q(0)?
9
Let l(f) = -4*f**3 - f**2 + 7*f. Let g(c) = -2*c**3 - c**2 + 4*c. Let s(j) = 7*g(j) - 4*l(j). Calculate s(2).
4
Let v be (144/(-40))/(4/(-10)). Let i(k) = -v*k - 5 + 9*k + k**2 + 1. Determine i(3).
5
Let i(x) = -13*x**3 + 9*x**2 + 4*x + 13. Let y(l) = 9*l**3 - 6*l**2 - 3*l - 9. Let g(c) = -5*i(c) - 7*y(c). Determine g(2).
4
Suppose -2*h + 0*h + q - 9 = 0, 2*h = -q - 15. Let m(r) be the third derivative of -r**6/120 - r**5/10 + r**4/24 + 10*r**2. Give m(h).
-6
Let w(d) be the first derivative of -3*d**4/4 + 2*d**3/3 - 15. Calculate w(2).
-16
Let f(s) = -8*s**2 + 5*s - 4. Let t(o) = 7*o**2 - 5*o + 4. Let j(b) = -6*f(b) - 7*t(b). What is j(6)?
-10
Let j(t) = -5*t - 4. Let k be (-2)/(-6) + -2 + (-8)/24. Calculate j(k).
6
Suppose 0 = i + 2 - 3. Let u(l) = -l**2 - 7*l + 0*l**2 + 0 - 3 - i. Suppose -3*b + 4*z = -7, -5*z - 29 = 3*b - 0. Determine u(b).
8
Let l(d) be the second derivative of d**4/12 - d**3/2 + d**2/2 + 14*d. Give l(4).
5
Let q(k) = 6*k + 4*k**2 - 2*k**2 - k**2 + 1. What is q(-6)?
1
Let s(y) be the second derivative of y**5/60 + 7*y**4/24 + y**3 + y**2/2 - 3*y. Let a(n) be the first derivative of s(n). Calculate a(-5).
-4
Let w(j) = j + 2. Let q(s) = -s - 13. Let u be q(-11). Let v(k) = 4*k + 3. Let d be v(u). Calculate w(d).
-3
Let j(i) = 38 + 15*i**3 - 42 - 14*i**3 + 5*i**2 - 3*i. Calculate j(-5).
11
Let r(b) be the third derivative of b**5/60 + 5*b**4/24 + b**3/2 + b**2. Let u = -319 + 315. Give r(u).
-1
Let x(o) = 2*o**3 - 5*o**2 + 2. Let p(w) = w**3 - w**2 - w - 1. Let t(b) = -p(b) + x(b). Let f be t(3). Let j(r) = r**2 + 3*r - 1. What is j(f)?
-1
Suppose 5*x - 3*r - 15 = 0, -4*x = -0*x - r - 12. Let w(v) = -1 + 4 - 2*v + 5 - x. Suppose 3*o - 18 = -6. Determine w(o).
-3
Let p(n) = -3*n**2 - n + 2. Let h = -102 + 100. What is p(h)?
-8
Let n(v) = v**3 - v - 7. Let y be (2/4)/(3/12). Suppose 10 = 2*w, -y*i + 10 = 2*i + 2*w. Determine n(i).
-7
Let x be 20/6 + (-5)/15. Suppose -4*b - 1 = -2*s - 7, -x = 3*s - 4*b. Let l(f) = f**s - 4 + 3*f**2 - 4*f - 2*f - 2*f**2 + 3*f**2. Determine l(-5).
1
Let i(a) = -2*a**2 - a - 3*a**2 + a**2 + 0*a - 1. Let y(k) = -k**2 - k. Let b(d) = 